pose -15 = -2*i - 3*i. Suppose 4*j + 336 = -c, 5*c = -i*j - 1703 + 57. Let o = c + 1073. Is o composite?
True
Let v(d) = -49*d - 15. Let t be v(-9). Let k = t + 1133. Is k a composite number?
False
Suppose -3*g - 3*g + 12 = 0. Suppose 3872 + 1386 = g*t. Is t a composite number?
True
Let b(t) = t**2 + 64*t - 52*t - 7 + t**2. Is b(9) a composite number?
False
Let d(c) = 59*c**2 - 172*c + 13. Is d(-12) a composite number?
True
Let n(o) = -o**3 - 2*o**2 + o - 1. Let v be n(-3). Suppose v*y = 2*w - 760, -3*y = 2*y - w + 765. Let r = y + 299. Is r a composite number?
True
Let j be 8/(-4) + 1*(-14426)/(-2). Suppose 3*m = -914 + j. Is m a prime number?
True
Let q(m) = 53*m**2 + 19*m + 1. Is q(11) a prime number?
False
Let r(l) = 563*l - 3. Let w be r(5). Suppose 17*t + w = 21*t. Is t a composite number?
True
Let n(k) = -k**2 + 5*k + 1. Let t be n(5). Suppose -24 + 4 = 10*a. Is (a/t + 3)*161 composite?
True
Suppose 0*g = -2*g - 12. Is 13454/10 + g*6/90 a composite number?
True
Is ((-240804)/8 + 5 + 6)*-2 a composite number?
True
Let n(b) be the third derivative of 2*b**2 + 1/12*b**5 - 3/8*b**4 + 0*b + 0 + 5/6*b**3. Is n(-11) a prime number?
True
Suppose -9*x = -20*x + 1465211. Is x a prime number?
True
Suppose 0*r = -5*r. Suppose r = 6*z - 135 - 171. Suppose -p = z - 346. Is p prime?
False
Suppose 0 = 21*f - 23600 - 44671. Is f a composite number?
False
Let x(l) = 7*l**2 + 2*l - 2. Let n be x(1). Suppose n*t = 3819 + 1998. Is t a prime number?
False
Let c = 25 + -22. Is 49 + (0/c - -4) prime?
True
Is (-90)/225 - (0 + 33294/(-10)) a composite number?
False
Let q(r) = 3*r**3 - 89*r**2 + 18*r - 97. Is q(30) a composite number?
True
Let j be 2/4*-6*-7. Is 182/8 - j/28 prime?
False
Let x(q) = -11*q**3 + 3 + 4*q**3 - 2*q**3 + 2*q**2 + 3*q. Let y = 4 + -6. Is x(y) a composite number?
True
Let w(g) = g**2 - 244*g + 162. Is w(-69) a prime number?
False
Suppose 14566 = 11*d - 405. Is d a composite number?
False
Suppose 5*s + 2*h - 4*h + 3 = 0, -2*h = -s + 1. Is 69*((-1)/s - 0) prime?
False
Suppose 1900 = 2*d - 4*q - 482, 4*d - 2*q - 4734 = 0. Is d prime?
True
Let y = 4 - 0. Let h be y/(-14) - (-64)/28. Suppose -h*g + 1533 = g. Is g a prime number?
False
Suppose 0 = 2*x + w - 6, -2*x + 4*w + 19 = 3. Let n be x + 0*(-4)/(-12). Is 3/n + (-765)/(-36) a prime number?
False
Let b = 8 + -8. Suppose -3*g + 4*g - 3 = b. Suppose g*k - 191 = -14. Is k a composite number?
False
Let n be ((-6)/(-4) + -3)*-4. Suppose -202 = n*s - 1096. Is s a prime number?
True
Let g be (-6)/(-6)*-3*-743. Suppose 0 = 4*v - g - 2911. Is v a prime number?
False
Is -5 + (2828 - 1) + -3 prime?
True
Suppose 0 = -w + 5*c + 5547, 3*w + 22218 = 7*w - 5*c. Is w a composite number?
False
Let w = 5806 + 201. Is w composite?
False
Suppose 17433 = 41*l - 32*l. Is l a prime number?
False
Let m = 14 - -10. Let l = 31 + m. Is l a composite number?
True
Suppose -3*u = -u - 2*d + 1440, -724 = u + 3*d. Let h = u + 1242. Is h a prime number?
True
Suppose 0*n + 3*n + p + 28 = 0, 0 = -5*p + 10. Is 7725/n*4/(-6) a prime number?
False
Let v(f) = f**3 + 9*f**2 - 7*f + 1. Let i be v(-7). Suppose 0 = -b - b + i. Is 3/1*b/2 composite?
True
Let f(q) = 3000*q**2 - 5*q - 9. Is f(-4) a composite number?
True
Let w(x) = 450*x. Let o be w(-11). Let v = 7529 + o. Is v composite?
False
Let n be (-5)/(-20) - 5/((-20)/(-1089)). Let b = 21 - n. Is b prime?
True
Suppose -10*v + 2*v + 483944 = 0. Is v prime?
True
Let u = 141748 - 37979. Is u prime?
True
Let u(c) = 24*c**2 + 9*c + 11. Let n be u(-8). Let s = -802 + n. Is s a prime number?
True
Let n(t) = 0 + 5 + 38*t - 3. Let c be n(2). Let j = c - -49. Is j a composite number?
False
Suppose f + f = 10. Suppose 5*x + 2*m = 5855, f*x + m - 5855 = 6*m. Is x a composite number?
False
Let u = 483 + -250. Suppose 0 = f + x - 19 - 106, -3*f + 5*x + 415 = 0. Let o = u - f. Is o composite?
False
Suppose 12*j + 316 + 8 = 0. Let y = j + 280. Is y composite?
True
Let v(g) = 6*g - 1. Let h be v(-1). Let w(c) = -c**3 + 5*c**2 + 19*c + 12. Is w(h) prime?
True
Suppose 0 = -7*t + 12*t. Suppose 0 = 5*j + 4*z - 10, t*z = -j - 3*z + 2. Suppose -3*w = 0, -4*k - j*w + 129 + 203 = 0. Is k prime?
True
Suppose 5*q + 748 = 3*c - 2392, -4*c - 2*q = -4230. Is c a composite number?
True
Let j(v) be the second derivative of v**7/504 - v**6/360 - v**5/120 + v**4/6 + v. Let i(k) be the third derivative of j(k). Is i(-6) a composite number?
False
Let r(y) be the second derivative of -10*y**3 - 29*y**2/2 + 18*y. Is r(-14) a composite number?
False
Let j = 62 + 34. Suppose 3*c - 357 = -j. Is c prime?
False
Let q(t) = -7*t**3 - 2*t - 1. Let d be q(-1). Let p(w) = 9*w**2 - 9*w - 10. Let r be p(d). Suppose -2*o = 2*y - 506, -2*y + 6*y + r = 2*o. Is o a prime number?
True
Is -5*(3322/(-10) - -8) prime?
True
Suppose 4*h + 2*s - 23915 = 3*h, -2*s - 6 = 0. Is h a prime number?
False
Let v(d) be the third derivative of d**4/24 + 3*d**3/2 - 3*d**2. Let f be v(-7). Is -2 - (f - 262 - 1) composite?
True
Suppose 5*l - 7595 = -2175. Let h = l - 411. Is h a composite number?
False
Let b = -1 - -3. Suppose k - 7 = -v, -v + 8 + 3 = b*k. Suppose -k*q + 1332 = -4*t, 5*t = q - 106 - 235. Is q a composite number?
False
Let d = 29064 - 20597. Is d composite?
False
Let h = 55 - 50. Suppose -48 + 188 = 5*p. Is 383/h - p/(-70) a prime number?
False
Let c(n) = 4*n**3 + n**2 + 4*n + 1. Let m be c(3). Suppose 0 = -24*x + 19*x. Suppose x = -y - y + m. Is y a prime number?
False
Suppose 4*m - 10 + 2 = 0. Suppose 5*h - 5*o = -285, 4*h - m*h + o + 123 = 0. Is (-5)/(h/(-28))*-6 a prime number?
False
Is 35*(-1)/(-5) + 27266 a composite number?
True
Suppose -4*f + 4*k - 16 = -4, 3*f - k + 3 = 0. Suppose 0 = -4*t + o - 1, f*t - 3*o + 12 = -3*t. Suppose -t = 3*g - 94. Is g prime?
True
Suppose 3*j + x = 9, 13 - 4 = 3*j + 5*x. Let f be (-101)/(-3)*j*1. Suppose s - 42 - f = 0. Is s prime?
False
Is -6 + ((-60)/120)/(1/(-12674)) a prime number?
False
Let c = 6673 - 3734. Is c a composite number?
False
Suppose 2*j - 7*j = -q - 11, 2 = -2*q. Let a = j - 8. Is (-135)/a + (-1)/2 a composite number?
True
Let h(m) = -m**2 + 321. Let w = 5 + -5. Let b be h(w). Suppose -2*z - 20 = 2*z, 0 = x + 2*z - b. Is x a composite number?
False
Let h(v) = 129*v**3 - v**2 + 9*v - 7. Is h(2) composite?
False
Suppose 118*u = 113*u. Let s(c) = -c**2 + c - 1. Let a(y) = 3*y**2 - 3*y - 33. Let k(p) = -a(p) - 4*s(p). Is k(u) composite?
False
Suppose 2*r + 6 = -4, -4*v - 5*r + 79 = 0. Suppose 0 = l + 7 - v. Is l composite?
False
Suppose -171*l + 187*l = 329104. Is l composite?
True
Let n(s) = 3*s - 20. Let z be n(8). Suppose -2*b - 2 + z = 0. Let h(k) = 630*k**2 + 1. Is h(b) prime?
True
Suppose 32*z - 91217 = 47247. Is z a prime number?
True
Suppose 0 = 2*k - 29*k + 132489. Is k a composite number?
True
Let y(s) = s**3 + 8*s**2 + 3*s - 7. Let x(o) = -2*o**2 + 4*o. Let u(h) = h**2 - 4*h + 6. Let t be u(3). Let g be x(t). Is y(g) a composite number?
False
Let i(x) be the first derivative of x**2/2 + 115*x - 1. Suppose 4*s + 3 = 3*h - 12, 2*s - 5*h = -25. Is i(s) prime?
False
Suppose -4 = 4*a - 4*b + 3*b, -3*b = 3*a + 18. Let q be (88/(-20))/(a/700). Suppose -q + 283 = -3*g. Is g a composite number?
False
Let q(t) = 3*t + 5*t**2 + 2 - 2 + 5. Let k be q(4). Is ((0 + -1)*k)/(-1) prime?
True
Let n = -973 - 40. Let v = n - -1462. Is v prime?
True
Is (-565 - (-3 - 5))/(1 + -2) prime?
True
Let j be (8/(-6))/(1/(-3)). Suppose j*o - 7473 + 2781 = 0. Suppose 0*n + o = 3*n. Is n composite?
True
Let m(f) = f**2 - 6*f - 7. Let u be m(5). Suppose d + 4*h - 72 = -80, -h - 32 = 4*d. Is (-2642)/d + (-9)/u composite?
False
Let y(u) = -2304*u - 167. Is y(-46) a prime number?
True
Let o(u) = 33*u - 2. Suppose 0 = z + 1, 0 = 2*q + 3*z - 7. Is o(q) prime?
True
Suppose -44*t = 9*t - 793463. Is t a prime number?
False
Suppose -33*j + 31*j = -30. Suppose -j = x - 6*x. Suppose x*l = 126 + 111. Is l a composite number?
False
Let c(l) = -16*l**3 + 2*l**2 - 7*l + 3. Is c(-4) prime?
True
Let s = -4092 + 5875. Is s prime?
True
Let l = 15 - 10. Suppose -6*y + 81 = -l*y. Suppose -29 - y = -5*s. Is s a composite number?
True
Suppose 11*q - 942 - 4 = 0. Let o = q - 65. Is o a composite number?
True
Let c(k) = -k**2 - 9*k + 2. Let z be c(-9). Let v be -22*(-1 + z/4). Let r(i) = i**3 - 9*i**2 + 15. Is r(v) a composite